ivided by 1 + 21/(-28) + (-123)/(-4).
28
Let m(n) = n**2 - 6. Let x(b) = b**2 + 7*b + 8. Let w be x(-4). Calculate the remainder when m(w) is divided by 6.
4
Let g(j) = -3*j**3 + 2*j**2 + 2*j + 241. Calculate the remainder when g(0) is divided by 121.
120
Calculate the remainder when ((-133)/(-5) - -9) + (-2)/(-5) is divided by 15.
6
Suppose 4*q + 2*n - 3 = -13, -2*q = -n + 11. Calculate the remainder when 34 is divided by (3 - 3) + (-72)/q.
16
Let k be ((-486)/(-4))/(-3) + (-3)/(-2). What is the remainder when (k/(-2))/((-9)/(-18)) is divided by 21?
18
Let w be ((-36)/8)/((-6)/16). What is the remainder when 3/(w/364) + -4 is divided by 22?
21
Suppose 2*a = -4*x - 8, -3*x = a - 2*x. Calculate the remainder when (26/(-39))/((-14)/231) is divided by a.
3
Suppose p = 3*p - 6. Calculate the remainder when -10*((-119)/(-14))/(-17) is divided by p.
2
Suppose -z + 3*m + 35 = 0, 0*z + m = 2*z - 95. Suppose -6*s + z = -s. Let r(y) = -y**3 + 11*y**2 - 10*y + 10. What is the remainder when 38 is divided by r(s)?
8
Calculate the remainder when (1*69)/(-7 - (-31)/4) is divided by 19.
16
Suppose 9 = -3*n, -8*t = -5*t - 4*n - 282. Calculate the remainder when 354 is divided by t.
84
Suppose -6*w = -0*w - 90. Let j = 10 + -5. Suppose -5*s - j*d - 16 = -166, s = 2*d + 24. What is the remainder when s is divided by w?
13
Let p = -2523 - -2624. What is the remainder when p is divided by 12?
5
Let n = 190 - 185. Let d = -3 + 16. What is the remainder when d is divided by n?
3
Let c = 356 + -307. What is the remainder when 162 is divided by c?
15
Let r(x) be the second derivative of -x**4/12 + 5*x**3/3 - 21*x**2/2 + 20*x. What is the remainder when 17 is divided by r(6)?
2
Suppose 41 = 4*s + 5*q - 19, -2*q - 30 = -2*s. What is the remainder when s is divided by 5?
0
Suppose 47*d = 38*d + 369. What is the remainder when d is divided by 23?
18
Suppose 11*f = -7*f + 4500. What is the remainder when f is divided by 64?
58
Suppose -7*s = -1377 + 761. What is the remainder when s is divided by 87?
1
Let h(i) = i**2 - 7*i - 13. Let o be h(9). Suppose -3*c - y - 8 = 0, -c - 2*c - 4 = o*y. Calculate the remainder when 27 is divided by 30/4*(-4)/c.
7
Suppose 0*h - 290 = -5*h. Let r = 258 - 153. Suppose r = -0*m + 7*m. What is the remainder when h is divided by m?
13
Let a(o) = 9*o - 91. Calculate the remainder when a(15) is divided by 15.
14
Let c(q) = -12*q - 1. Let z be c(-5). Suppose -127 = -6*l + z. What is the remainder when 60 is divided by l?
29
Suppose 4424*g = 4445*g - 840. Suppose -188 - 202 = -5*m. Calculate the remainder when m is divided by g.
38
Suppose 6*q - u = 11*q - 707, -q - 5*u = -151. Calculate the remainder when q is divided by 18.
15
Let v = 3 - -4. Suppose 0 = -4*g + 353 + 39. Suppose 0 = -8*d + g + 110. What is the remainder when d is divided by v?
5
Let a be (-3 - -6)*64/6. Let u be (15/4)/(2/a). Suppose 5*i = 5*o - u, 3*o + i - 20 = 24. What is the remainder when 55 is divided by o?
13
Let z(q) = -12 + 11 - 13 - 10 + 12*q. What is the remainder when z(7) is divided by 21?
18
Suppose u + 2 = -3*y + 8, -2 = -y + 4*u. What is the remainder when 34 is divided by y?
0
Suppose -113 = -o - 86. Calculate the remainder when o is divided by 6.
3
Let p = 223 + -209. What is the remainder when 529 is divided by p?
11
Let i = -1340 - -1401. What is the remainder when 137 is divided by i?
15
Suppose -6272*u + 288 = -6256*u. Calculate the remainder when 303/9 + 2/(-3) is divided by u.
15
Let w(y) = 64*y - 1. Let p be w(3). Let g = p + -51. Calculate the remainder when g is divided by 18.
14
Let a = -208 + 221. What is the remainder when a is divided by 9?
4
Let v = -46 - -51. Let x(t) = t**2 + 2*t. What is the remainder when x(v) is divided by 9?
8
Let f(u) = u**3 - 3. Let z be f(2). Suppose -z*h - 4 = 6. Calculate the remainder when 53 is divided by (-342)/(-24) - h/(-8).
11
Suppose 0 = 8*v - 5*v - 27. Let x = v - 4. Suppose 5*g + 4*t - 91 = 0, -x*g + 3*t + 41 = -22. What is the remainder when 29 is divided by g?
14
Suppose -2*v + 461 - 23 = -4*d, 4*v = 2*d + 882. Calculate the remainder when v is divided by 3*185/30*2.
36
Suppose 4*s - 3*i - 7 = 0, 0 = 2*s + 7*i - 2*i - 23. Suppose 0 = -s*q + q + 18. Calculate the remainder when q is divided by 3.
0
Let y(x) = -4*x**3 + 3*x**2 + x + 1. Let s be y(-2). Let l = 70 - s. Let f = 174 - 69. What is the remainder when f is divided by l?
24
Suppose 25 = -j - 6. Let p = -10 - j. Calculate the remainder when 125 is divided by p.
20
Let j(g) = g**2 - 7*g + 3. Let f be (84/18)/((-4)/(-6)). Let h be j(f). Suppose -t + 232 = h*t. What is the remainder when t is divided by 12?
10
Let i be (-9)/(-6)*4/2. Suppose x - 20 = -b, -i*x - 4*b + 36 = -x. What is the remainder when x is divided by (-19)/95 + (-122)/(-10)?
10
Let h be -45*(-2 + 28/20). Suppose 6*u - h - 27 = 0. What is the remainder when 61 is divided by u?
7
What is the remainder when 54 is divided by (-17 + 14)*40/(-15)?
6
Suppose -o - 4*o = -10. Suppose -4*c = o + 6. What is the remainder when 17 is divided by 9*(-1)/c*2?
8
Let r = 1164 - 1142. Let s = -102 - -165. Calculate the remainder when s is divided by r.
19
Let u be ((-4)/10)/(7/210). Calculate the remainder when (-8)/20*(u - -2) is divided by 2.
0
Let d be (-46)/(-207) + 1172/(-18)*2. Let p = 7 - d. Calculate the remainder when p is divided by 47.
43
Let x = -30 + 239. What is the remainder when x is divided by 53?
50
Let c = 130 - 17. Suppose 3*r - 2*y = 60, 4*r + 5*y = -33 + c. Calculate the remainder when 138 is divided by r.
18
Let c be -3*3/((-18)/(-152)). Calculate the remainder when 20/(-4)*c/5 is divided by (12/(-2))/((-11)/(220/6)).
16
Let n(v) = -41*v + 318. What is the remainder when 61 is divided by n(7)?
30
Let g = 75 - -10. What is the remainder when g is divided by 30?
25
Suppose m + 15*m = 528. What is the remainder when 159 is divided by m?
27
Suppose -3*q - 40 = -16, -2*q + 32 = 3*j. Suppose -3*g - 2*k + 114 = -226, -135 = -g - 5*k. Calculate the remainder when g is divided by j.
14
Let d(o) = -32*o + 4. Let v(z) = 32*z - 3. Let a(y) = -5*d(y) - 6*v(y). What is the remainder when a(-1) is divided by 16?
14
Suppose -u = -5*u + 20. Let h(z) = -z**3 + 8*z**2 - z - 4. What is the remainder when h(u) is divided by (20 - 1) + -1 + -1?
15
Let h = 162 + -143. Calculate the remainder when 115 is divided by h.
1
Let k be -32*(1 + 0) + -3 - 3. Calculate the remainder when 13 is divided by 2 - k/14 - 28/(-98).
3
Suppose x - 15 = -4*x. Suppose y - 2*a - 59 - 43 = 0, -x*y + 5*a + 307 = 0. Calculate the remainder when y is divided by 21.
20
Suppose 12 = -2*g + 62. Suppose 46*t - 2517 = 4337. Calculate the remainder when t is divided by g.
24
Let q(r) = -r**3 + 15*r**2 + 36*r + 35. Calculate the remainder when q(17) is divided by 35.
34
Suppose 2*w = 4*p + 4, -2*p + 2 = -2. What is the remainder when w is divided by 5?
1
Suppose -26*u = -21*u - 90. Calculate the remainder when 88 is divided by u.
16
Suppose -4*k - 181 = -p, -k - 2*k + 4*p = 139. What is the remainder when 13 + (k/30)/((-3)/4) is divided by 4?
3
Suppose -4*o - j + 435 = 0, -2*j + 4 = -6*j. What is the remainder when o is divided by 22?
21
Suppose 2*h + 14 = 3*v + 3*h, 0 = 4*v + 4*h - 32. Calculate the remainder when 24 is divided by v/(-2)*-5*2.
9
Let g = 7 + -7. Suppose -3*z - 3*b - 6 = g, -3*z - b = 3 - 1. What is the remainder when 47 is divided by (22 - (-1 - 1)) + z?
23
Let s(y) = -y + 34. What is the remainder when 31 is divided by s(26)?
7
Let v = -36 - -60. Let t = v + -12. Calculate the remainder when 83 is divided by t.
11
Suppose 4*t + 3*o = o + 584, o + 578 = 4*t. Calculate the remainder when t is divided by 43.
16
Let p(h) be the second derivative of -h**3/2 - h**2 + 22*h. Let t be (0 - 4)*12/8. Calculate the remainder when 28 is divided by p(t).
12
Calculate the remainder when 311 is divided by 303/9 - 4/(-3).
31
Let s = 157 - 143. Calculate the remainder when s is divided by 4.
2
Let d = 73 - 73. Suppose d*j - 12 = -j. What is the remainder when 105 is divided by j?
9
Let q(i) = -i**3 - 9*i**2 + 39*i + 42. What is the remainder when 161 is divided by q(-12)?
5
What is the remainder when 10/(-2 - (-2916)/1449) is divided by 13?
12
Let r(s) = s + 60. What is the remainder when 75 is divided by r(-22)?
37
Let d be (1 + 1)